pose -11*q - 4*j + 640 = -p*q, 5*j - 317 = -q. What are the prime factors of q?
2, 7, 23
Let z(s) = 5*s**2 - 3*s**2 + 10*s - 179 + 175. Let u be z(-5). What are the prime factors of (8/u)/((-6)/87)?
29
Suppose -5275 - 2586 = -7*a. What are the prime factors of a?
1123
Suppose 1082 = 5*a - 468. Suppose 81*x = 76*x + a. List the prime factors of x.
2, 31
Let p(n) = 32*n**2 - n - 61. What are the prime factors of p(-11)?
2, 3, 7, 13
Let r(n) = -n**3 - 4*n**2 - n + 2. Let m be r(-4). Let o be (-2)/m + (-68)/12. List the prime factors of o/(-3)*(-39)/(-6).
13
Suppose 4*m + 4 = -5*z + 15, -4*z + 15 = -3*m. Suppose 4*n - 2*k = 362, -z*k + 0*k = -2*n + 187. List the prime factors of n.
89
Suppose u + 3*u = -4*n + 8324, -2*u + 2*n = -4166. List the prime factors of u.
2, 3, 347
Suppose -17*c = -6*c - 363. What are the prime factors of c?
3, 11
Suppose -3*k - 2*k = -100. Let h = -514 + 550. Let p = k + h. List the prime factors of p.
2, 7
Suppose 5*b - 3*o - 3047 = 0, -2*o = -57 + 55. What are the prime factors of b?
2, 5, 61
Suppose h - 2*h + 193 = 0. Suppose b = 3*b + m - 80, -m - h = -5*b. List the prime factors of b.
3, 13
List the prime factors of (285/2)/((-650)/(-1560)).
2, 3, 19
Let g(m) = -3*m**2 + 23*m + 35. Let z(t) = t**2 - 12*t - 18. Let y(i) = 2*g(i) + 5*z(i). What are the prime factors of y(-12)?
2
Let v(m) = 84*m - 82. What are the prime factors of v(15)?
2, 19, 31
Let m(v) = v**2 + v - 13. Let z be m(-6). Let a = 11 - z. List the prime factors of (-358)/(-9) + a/(-27).
2, 5
Let s(w) = 15 + 16 - 9 + 3*w. List the prime factors of s(7).
43
Let d(w) = -w**3 + 2*w**2 + 2*w + 1. Let u be d(-2). Suppose -1 = 4*v - u. Suppose v*h - 7 = 11. List the prime factors of h.
2, 3
What are the prime factors of 520/1430 - 44124/(-22)?
2, 17, 59
Let b(h) = 25*h**2 - 5*h + 10. What are the prime factors of b(2)?
2, 5
Let m = 33 + -28. Suppose -m*k + 365 = 2*y, 2*k + 3*y = y + 140. List the prime factors of k.
3, 5
Let u = -16 + 253. What are the prime factors of u?
3, 79
Suppose 0 = p + 1 - 6, -5*p = -2*w + 789. List the prime factors of w.
11, 37
Let a = -1849 - -3009. List the prime factors of a.
2, 5, 29
Let k be (-3)/(-7) + (-9)/21 + 3. Suppose 0 = q - 2*p - 103, q + k*p + 104 = 2*q. What are the prime factors of q?
101
Let a(r) = r + 8. Let t be a(-8). Let b be (-28)/(-8)*(-16 - t). Let l = b + 99. What are the prime factors of l?
43
Let y = -26 - -9. Let f = -22 - y. List the prime factors of 24/(-40) + (-168)/f.
3, 11
Let i(f) = 8*f**2 - 2*f + 30. List the prime factors of i(-10).
2, 5, 17
Suppose -4*i = -j + 51 + 222, 4*j - 1062 = i. Let t = j - 139. List the prime factors of t.
2, 3, 7
Suppose 20*p = 18*p + 136. List the prime factors of p.
2, 17
Suppose -4*w + 24 = -0*w. Let u = 10 + w. What are the prime factors of u?
2
Suppose -2*o + 1862 = -3*m, 0 = o + 5*m - 2*m - 913. What are the prime factors of o?
5, 37
Let d be (-2 + 3)/((-1)/197). Let h = 311 + d. What are the prime factors of h?
2, 3, 19
Let o(a) = -50*a**3 + a**2 + 2*a + 1. Let j be o(-1). Suppose -s - 4*s + j = 0. Suppose -46 = -4*d - s. What are the prime factors of d?
3
Let h be 269 - ((-8)/2 + 1). Suppose 0 = -4*y - 4*y + h. List the prime factors of y.
2, 17
Let y(a) = a**3 + 12*a**2 + 12*a + 16. Let z be y(-11). Suppose c - z = 13. What are the prime factors of c - 0*(-2)/4?
2, 3
Let k be 4 - (4 + (-8)/4). Let b be (-225)/(-36) - k/8. Suppose b*r = r + 140. List the prime factors of r.
2, 7
Let z be 6*(5/2)/1. Suppose -m + z = 4*m. Suppose -m*w = -18 - 3. What are the prime factors of w?
7
Suppose -5*s = -3*v - 2661, 3*s + 2*v - 396 - 1193 = 0. What are the prime factors of s?
3, 59
Let j(m) = 2*m**2 + 10*m + 2. Let a be j(-7). Suppose -2*t + 5*b - 7 = -t, a = 3*t + 2*b. Suppose -5*h + t*h - 63 = 0. What are the prime factors of h?
3, 7
Suppose 29*o = 1488 + 22321. What are the prime factors of o?
821
Let c = 204 - 157. List the prime factors of c.
47
Let b(p) = -p**3 - 20*p**2 + 67*p - 10. What are the prime factors of b(-24)?
2, 7
Let f = 316 - 148. Suppose 0 = -2*r - 2*r + f. What are the prime factors of r?
2, 3, 7
Let h(x) be the second derivative of -x**5/20 + 5*x**4/3 + 9*x**3/2 + 16*x**2 + 5*x. List the prime factors of h(21).
2, 79
Suppose 0 = -0*b + 2*b + 76. Let r be -6 + b + (0 - -1). Let h = r - -77. What are the prime factors of h?
2, 17
Let r(x) = 3*x**2 + 2*x + 6. Suppose 3*g - 5*g = 8. Let v be r(g). Let c = v + -21. List the prime factors of c.
5
Suppose i = -c - 2*i + 12, -3*i - 93 = -4*c. Let x = -30 + c. Let k = x - -13. List the prime factors of k.
2
Let j = 16 + -1. Let p(o) = -2*o**3 + 19*o**2 - 9*o + 11. Let k be p(9). Suppose -h + k + j = 0. List the prime factors of h.
2, 13
Suppose -6*s = -3397 - 1259. List the prime factors of s.
2, 97
Let n(q) be the third derivative of -q**5/60 + q**4/24 - 5*q**3/6 + 3*q**2. Let h be n(5). Let p = h + 35. What are the prime factors of p?
2, 5
Suppose -20*m - 15870 = -30*m. What are the prime factors of m?
3, 23
Let z(m) = 3*m**3 - 2*m**2. Let b be z(2). Let p be (-27)/(-3)*b/12. Suppose -4*n = -8*n + p. List the prime factors of n.
3
Suppose 7*u - 7 - 14 = 0. List the prime factors of (82/3)/(2/u).
41
Suppose 2*s + 0*s + 68 = 0. Let f be s/(20/8 + -3). Let p = f + -36. What are the prime factors of p?
2
Let c be (-4)/18 - 2/(-9). Let f be 14/(-21)*(-3)/(-2). What are the prime factors of ((-1)/f - c) + 1?
2
Suppose -5 = b + m, 2*m + 15 = -2*b - m. Let u(o) = -o**3 - o**2 + 2*o + 41. List the prime factors of u(b).
41
What are the prime factors of (210/40 - 5)*1292?
17, 19
Suppose 0 = 9*r + 3299 - 15845. What are the prime factors of r?
2, 17, 41
Let l be (-2)/16 + 50904/192. Suppose l = 6*w - w. List the prime factors of w.
53
Let j = -2078 + 4267. List the prime factors of j.
11, 199
Let l = 112 - 110. Suppose -l*d = -3*z - 198, 92 = d + 17*z - 15*z. What are the prime factors of d?
2, 3
Let a be (35/2)/(1/(-2)). Let f = -25 - a. What are the prime factors of f?
2, 5
Suppose r = -3*f + 1713, -5*r = 38*f - 37*f - 8509. List the prime factors of r.
3, 7
Let f = 551 - 67. List the prime factors of f.
2, 11
Suppose 5*d + 0*q + 3*q + 90 = 0, 0 = q - 5. What are the prime factors of 3 - (-2 - -3) - (d - -1)?
2, 11
Suppose 0 = 37*o + 36336 - 138900. What are the prime factors of o?
2, 3, 7, 11
Let w(u) = u**2 - 3*u. Let k be w(3). Suppose k*r + 158 = r. List the prime factors of r/10 + 3/15.
2
Let q(x) = 3*x**2 - 8*x + 457. What are the prime factors of q(0)?
457
Suppose 9 = -4*t + 7*t. Suppose 0 = 6*n - 46 + 16. Suppose 5*p - 47 = -n*o + 63, o - 24 = -t*p. What are the prime factors of o?
3, 7
Let f be ((-12)/2)/(3/(-30)). Let t be (584/10)/(2/f). List the prime factors of (-3)/4 - t/(-32).
2, 3
Let o(d) = -56*d - 7. Let j(t) be the third derivative of -7*t**4/2 - 11*t**3/6 - 5*t**2. Let s(m) = -5*j(m) + 8*o(m). List the prime factors of s(-1).
3
Suppose -3*q + 2*q + 44 = 5*t, t + 90 = 5*q. Let l(x) = x**2 - 18*x + 6. What are the prime factors of l(q)?
5
Suppose 0*x = -6*x. Let v(y) = -y**3 + 4. Let s be v(x). Suppose s*j + 20 = 9*j. List the prime factors of j.
2
Let c be 218/11 - (-2)/11. Let k be 356/10 + 8/c. Suppose 4*a + 68 = 4*r, -14 - k = -4*r - 5*a. List the prime factors of r.
3, 5
Let a(m) = -m**3 + 3*m**2 + 6*m - 3. Let l be a(4). Suppose 6*y = l*y + 200. Let u = -133 + y. What are the prime factors of u?
67
Let t(n) = n**3 + 7*n**2 + 11*n + 7. What are the prime factors of t(-4)?
11
Let p = -123 - -339. Suppose 0*s + p = 4*s. List the prime factors of s.
2, 3
Let s = 2084 + -1399. List the prime factors of s.
5, 137
Suppose i - 3*g = 152, -4*g + g = -5*i + 736. What are the prime factors of i?
2, 73
Suppose 3*b = w - b + 158, 490 = -3*w - 4*b. Let x = w - -331. List the prime factors of x.
13
Let x be 157*(-3)/2*(-4)/6. Let u = 232 - x. List the prime factors of u.
3, 5
Let r be ((-6)/4)/(11/(-88)). Let x(t) = 2*t - 15. Let z be x(r). Let h = 7 + z. What are the prime factors of h?
2
Suppose 0*n - 4*n - 4 = 0. Let z(p) = 79*p**2 + 1. Let s be z(n). Let w = s - 48. List the prime factors of w.
2
Let v(t) = 4*t + t - 17 + 0*t**2 + t**2 - 2*t. List the prime factors of v(-9).
37
Suppose 0 = -5*z + 5*l - 0*l + 55, 3*l = -3*z + 15. Let f = z + 56. What are the prime factors of f?
2
Let v be 75*(8/(-6))/(